ive a(h).
-4
Let o(p) = -4*p**3 - 1 + 5 - 5. Let j = -4 - -3. Give o(j).
3
Let v(k) = k**3 + 4*k**2 - 7*k - 4. Let g be 0/((2 + 2)/2). Suppose 2*o + 0 + 10 = g. Calculate v(o).
6
Let w(p) = -p**2 + 4*p. Let z = -31 - -34. What is w(z)?
3
Let m = -36 + 35. Let f(d) = d**3 - d**2 - d. Determine f(m).
-1
Let j(f) be the third derivative of 5*f**4/24 - 5*f**2. Let y = -10 - -11. Determine j(y).
5
Let z(g) be the first derivative of g**5/20 - g**4/4 - g**3/2 - g**2/2 + g - 6. Let l(r) be the first derivative of z(r). Let w be (-1)/(-3) + 22/6. Give l(w).
3
Let f be 0 + (-14)/(-2) + 3. Let a(u) = f*u - 2*u - 2*u - u + 1. What is a(-2)?
-9
Suppose 2*w + 5 = 3. Let b(d) be the second derivative of -1/3*d**3 + 0 - 4*d + 5/6*d**4 - 1/2*d**2. Calculate b(w).
11
Let o be (10/(-8))/((-2)/8). Suppose o*b - 5*c + 3 = -4*c, -4*c - 9 = b. Let p be (5/(-15))/(b/3). Let j(l) = -9*l**3 + l**2. Calculate j(p).
-8
Let i(o) be the third derivative of o**8/6720 - o**7/1260 - o**5/120 + o**4/6 - 7*o**2. Let r(q) be the second derivative of i(q). Determine r(3).
8
Let m be 15/3*(-24)/(-30). Let o(l) = l**2 - 2*l + 4. Calculate o(m).
12
Let x(b) = 4*b**3 + 4*b**2 + b - 9. Let z(u) = 5*u**3 + 3*u**2 - 10. Let p(m) = -4*x(m) + 3*z(m). What is p(-6)?
-6
Let i(d) = 1. Let t(a) = a + 1. Let k(z) = -3*i(z) - t(z). Let o(p) = -p - 11. Let q be o(-11). Let j be k(q). Let g(u) = 2*u + 3. Determine g(j).
-5
Let b = 2 - 3. Let n be ((b/(-1))/1)/1. Let k(a) = a**3 - 23*a**3 + 18*a**3 + a - 1. Give k(n).
-4
Let b(g) = -64*g**2 + 74*g**2 - 4 - g - 10*g + g**3. Calculate b(-11).
-4
Let m be 6 + (-2)/(4/6). Let c(r) = 2*r**2 + 5*r - 4. Let v(y) = 5*y**2 + 11*y - 9. Let u(n) = m*v(n) - 7*c(n). Let l(x) = -x - 1. Let i be l(-5). What is u(i)?
9
Let s(t) = t**2 + 2*t + 4. Let o(n) = n**2 - 8*n + 4. Let p be o(6). Let z = p + 11. Suppose -z*i - 2*i - 15 = 0. Determine s(i).
7
Let z = -1 + 5. Let w(f) = -z*f + 8 + 4*f**2 - 4 + 4*f**2 - 3*f**2 - f**3. What is w(4)?
4
Let l(o) = o**3 - 4*o**2 - 2*o - 6. Let i(m) = -m**3 - 4*m**2 + m + 5. Let y be i(-4). Suppose -y = -h + 1. Let s be (-37)/(-7) + h/(-7). Determine l(s).
9
Let h(d) = 1 - d**3 - 3 + 3 - 5*d + 6*d**2. Suppose -5*i - 8 = -4*y + 15, -i + 8 = y. Let g be (-14)/(-49) + 33/y. Give h(g).
1
Let a be 0/(1*(-1)/1). Let c(f) = -5*f + 4. Let d(i) = 0 + 4 - 1 - 4*i. Let m(k) = 3*c(k) - 4*d(k). What is m(a)?
0
Suppose 0 = -5*k + 4*u + 2, -k - 4*k - 5*u - 25 = 0. Let p(m) = 2*m**3 + 2*m**2 + m + 2. What is p(k)?
-8
Let x be (1 + 26/4)*16/20. Let g(l) = l**2 - 5*l + 4. What is g(x)?
10
Let u(a) be the first derivative of 3*a**2/2 + 2*a + 5. Suppose 0*n - 10 = 2*n. Give u(n).
-13
Let k(x) be the second derivative of x**3/3 - 2*x**2 - 6*x. What is k(5)?
6
Let w(d) = -8*d**2 + 1. Let f be 3/9 - 6/(-9). Give w(f).
-7
Let y(o) = -4*o + 68. Let r be y(18). Let h(b) = -9. Let x(t) = -t - 8. Let u(k) = 2*h(k) - 3*x(k). Determine u(r).
-6
Let a(k) = -k**2 - k + 5. Suppose -3*z = -5*m, 2*m + z = 5*m. Suppose -j + 2*j = m. What is a(j)?
5
Let l(d) be the first derivative of d**2/2 + 2*d + 1. Let j be (-8)/56 - (-15)/7. Let p be -1 - (j - 7) - 7. Determine l(p).
-1
Let a(f) = 15*f**3 + 1. Let z be a(1). Suppose 4 = 3*b + z, -10 = m + 5*b. Let j = -5 + m. Let y(u) = 3*u - 7. Calculate y(j).
8
Suppose -r - 2*i - 12 = 0, -5*r + 2*i - 2 = 10. Let z be (r - -1)*2/3. Let p(g) = -g - 7. Let q(c) = 3. Let k(d) = -2*p(d) - 5*q(d). Calculate k(z).
-5
Let i be ((-2)/(-4))/((-5)/(-10)). Let t(h) = -7*h + 4. Let c(d) = -48*d + 27. Let p(u) = 4*c(u) - 27*t(u). What is p(i)?
-3
Suppose -5*z = -0*z - 30. Suppose r = z*r + 5. Let c(q) = -3*q**2 + 1. Let a(l) = 4*l**2 - 2. Let p(y) = -2*a(y) - 3*c(y). Calculate p(r).
2
Let f(s) = -4*s**3 + 2*s**2 - 4*s + 4. Let y(l) = l**3 + l - 1. Let r = 8 + -5. Let i(z) = r*y(z) + f(z). Let h = 0 - -2. Determine i(h).
-1
Let v = -5 + 5. Let w(y) = y + y - y + v. Suppose -3*c + d = -6, -c + 2*c = 2*d - 3. Calculate w(c).
3
Let t(z) be the third derivative of -z**6/720 - z**5/30 + z**4/24 - z**2. Let n(x) be the second derivative of t(x). Let v = 15 + -21. Calculate n(v).
2
Suppose -k = 2*t - 4*t - 7, 2*k + 2*t - 8 = 0. Let p(b) = -3*b**2 + 2*b**2 + 3 + 3*b - k - 4*b. Suppose 4*v + v = 10. Determine p(v).
-8
Let l be -4*(-2)/(2/1). Suppose 0 = l*o - o - 12. Let c(t) = -t**2 + 4*t + 3. Give c(o).
3
Let m(b) = -7*b**2 + 9*b - 12. Let w(t) = -3*t**2 + 4*t - 6. Let a(n) = -4*m(n) + 9*w(n). Calculate a(0).
-6
Let c be ((-1)/2)/(1/(-4)). Suppose b + 3*b = -2*o + 8, 6 = -3*o + 3*b. Let q(p) = -p + 5*p**2 - 2 + o*p - 7*p**2 + 2*p. What is q(c)?
-8
Let k(l) be the third derivative of -l**6/40 + l**5/60 + l**4/12 - l**3/2 + 19*l**2. What is k(2)?
-19
Let i be (-11)/(-2)*-2*1. Let o(f) = -3*f**2 + 4*f - 4*f**3 + 12 + f**2 - 4. Let g(n) = 7*n**3 + 3*n**2 - 8*n - 15. Let h(w) = i*o(w) - 6*g(w). Calculate h(-2).
-6
Let u(n) = n. Let l(a) = -2*a. Let c(b) = -l(b) - 4*u(b). Let g = 3 - 2. Calculate c(g).
-2
Let v(x) = -x**2 - 14*x - 9. Let n be v(-13). Let h(l) = 4*l + 2. Give h(n).
18
Suppose 0 = -h - 5*x + 14, 0 = -2*h + 7*h + x - 22. Let o(t) = t + 0*t + h - 2 + 1. Let z be o(-3). Let p(d) = -d**2 + d - 4. Calculate p(z).
-4
Let f(n) = -7*n - 6. Let k(s) = s + 1. Suppose -5*g + 3 - 8 = 0. Let l(t) = g*f(t) - 6*k(t). Suppose -10*i + 6*i = 20. What is l(i)?
-5
Suppose 37*q - 41*q = -8. Let c(k) = k**3 + 2*k**2 + 5*k - 5. Let f(a) = 3*a**3 + 5*a**2 + 14*a - 14. Let y(l) = 8*c(l) - 3*f(l). Give y(q).
-6
Let j(x) be the second derivative of -x**5/20 + x**4/3 + x**3/2 + 2*x**2 + 4*x + 8. Let l(c) = c**2 + 5*c + 5. Let t be l(-5). Calculate j(t).
-6
Let a(k) = 5*k**2 - 2*k**2 - 7*k**3 - 1 - k**2. Let z(i) = -i + 2. Let q be z(3). Determine a(q).
8
Let u(x) = 6*x**3 - x + 1. Let h be u(1). Suppose 5*f = -4 - h. Let p(d) = -1 - 2 + 2*d**2 - d**2 - 4*d. What is p(f)?
9
Let p(g) = -g**2 - 5*g + 1. Let o be p(-4). Let v = o - 3. Let m(h) = 2 + h - v*h + 3*h. Determine m(-4).
-6
Let t(u) = -1 + 2*u - 2*u + u - 3*u - 2*u**3. Let f be t(-1). Suppose 3*s = -x - 12 - 5, 0 = -s - f*x - 19. Let g(j) = 2*j**2 + 6*j + 2. Determine g(s).
10
Let h(k) = k**2 - 4*k + 1. Suppose -3*p + 2*p - 1 = 0. Let f = 4 + p. What is h(f)?
-2
Let g(j) = -15*j + j**3 + 13*j + 2*j**2 - 6*j**2 + 2 + 0*j**3. What is g(4)?
-6
Let j = 15 + -18. Let t(m) = -3*m**2 - 4*m. Calculate t(j).
-15
Let t(z) be the third derivative of z**4/24 + 11*z**3/6 - z**2 - 7*z. Calculate t(-9).
2
Let r(m) = 2*m + m**2 + 2*m**3 - m**3 + m**2 + 2. Let b = 8 + -6. Let y be 7/14 + (-5)/b. Give r(y).
-2
Let k(r) = -5 - r**2 + r + 4 + 7*r**2 + 0*r**2. Determine k(1).
6
Let x(m) = -m**2 + 2*m + 3. Let h(y) = -y**2 + 4*y. Suppose 4*w = -0*k - 4*k - 24, -4*w + 12 = -5*k. Let s be (-14)/(-6) - k/6. Let j be h(s). Give x(j).
0
Suppose 6 + 3 = 3*f. Suppose -2 = -f*k - 5. Let z(n) = n**3 + n**2 - 1. Let l(h) = -4*h**3 + 4*h**2 - h - 4. Let x(p) = -l(p) + 3*z(p). Determine x(k).
-8
Let u be (8/20)/(4/60). Let z(k) = k - 7. Give z(u).
-1
Suppose 0 = 5*q - q. Let x = 2 + -2. Let s(z) = 0 + z + x*z + 5. Calculate s(q).
5
Let q(o) = 3*o**3 - 1. Let w be (-1)/(-2)*(1 + -3). Let v be 0/(2/(w - 0)). Suppose -j = -v*j - 1. Determine q(j).
2
Let s(h) = -h - 3. Suppose -3*r - r + 4*n = -8, 0 = 2*r + 2*n. Let a(q) = 13*q**3 - 2*q**2 + 2*q - 1. Let u be a(r). Suppose -3*w - u = -0*w. Determine s(w).
1
Let i(a) = -a + 5. Let m(q) = 1. Let v(x) = i(x) - 4*m(x). Let h = -5 + 7. Suppose -3*j - 4 = -2*w, 3*j + 4 = h*j. Give v(w).
5
Let a(c) = 11 - 5*c + c + c**2 - 6. Let f = 2 + 2. Calculate a(f).
5
Let i(q) = -2*q**3 + 2*q + 1. Let a(o) = -5*o**2 + o**3 - 8 + 6*o**2 + 3*o**2 - o + 5*o**2. Let b be a(-9). Suppose 0 = l - b - 1. Calculate i(l).
-11
Let m(h) = h - 4. Suppose 0 = 3*t + k - 5, 6*k = -5*t + 4*k + 9. Let a be -1 + t + 0/2. Calculate m(a).
-4
Let h(x) = -x**2 - x + 1. Let m(a) = a + 2. Let u be m(-3). Let y be -2 + u*(3 + -2). Let j be (8/(-12))/((-1)/y). Determine h(j).
-1
Let o be (-4 + 2 + 4)*1. Let f(n) = o*n + 2*n**2 - 3 + 2 + 0*n + 3*n**2. Let v be (4/8)/((-2)/(-4)). Give f(v).
6
Let p(n) = 2*n**2 + n - 1. Suppose -3 = -3*g - 0. What is p(g)?
2
Let l(o) be the third derivative of 1/60*o**5 + o**3 + 4*o**2 + 0*o - 3/8*o**4 + 0. Calculate l(6).
-12
Let s(o) = o. Let q(m) = m**2 - 2*m - 4. Let v = 15 + -11. Let c be q(v). Give s